{"id":1677,"date":"2020-11-17T14:56:36","date_gmt":"2020-11-17T13:56:36","guid":{"rendered":"http:\/\/europrovidus.com.pl\/site\/?page_id=1677"},"modified":"2020-11-17T15:10:30","modified_gmt":"2020-11-17T14:10:30","slug":"witamy-na-stronie","status":"publish","type":"page","link":"https:\/\/europrovidus.com.pl\/site\/?page_id=1677","title":{"rendered":"Witamy na naszej stronie"},"content":{"rendered":"\n<div class=\"wp-block-image\"><figure class=\"aligncenter size-large\"><img loading=\"lazy\" width=\"640\" height=\"350\" src=\"http:\/\/europrovidus.com.pl\/site\/wp-content\/uploads\/2020\/11\/witamy-na-stronie.jpg\" alt=\"\" class=\"wp-image-1678\" srcset=\"https:\/\/europrovidus.com.pl\/site\/wp-content\/uploads\/2020\/11\/witamy-na-stronie.jpg 640w, https:\/\/europrovidus.com.pl\/site\/wp-content\/uploads\/2020\/11\/witamy-na-stronie-300x164.jpg 300w\" sizes=\"(max-width: 640px) 100vw, 640px\" \/><\/figure><\/div>\n\n\n<p style=\"text-align: justify;\">Sp\u00f3\u0142ka Euro Providus S.A. jest firm\u0105 finansow\u0105, kt\u00f3ra powsta\u0142a w lutym 2006 roku otwieraj\u0105c swoje dwa pierwsze oddzia\u0142y w Cz\u0119stochowie i&nbsp; Zawierciu. Nasz\u0105 pierwsz\u0105 ga\u0142\u0119zi\u0105 dzia\u0142alno\u015bci jest udzielanie drobnych po\u017cyczek got\u00f3wkowych w kwotach od 1000 do 5000 z\u0142otych.&nbsp; Ich maksymalny okres sp\u0142aty wynosi jeden rok. <\/p>\n\n\n<p style=\"text-align: justify;\">Spo\u015br\u00f3d innych firm funkcjonuj\u0105cych na rynku polskim, zajmuj\u0105cych si\u0119 udzielaniem po\u017cyczek, wyr\u00f3\u017cnia nas fachowo\u015b\u0107 bezpo\u015bredniej obs\u0142ugi w domu klienta.&nbsp; Proces obs\u0142ugi przez Konsultant\u00f3w Sp\u00f3\u0142ki obejmuje&nbsp; udzielenie po\u017cyczki i jest kontynuowany przez ca\u0142y okres jej trwania,&nbsp; uwzgl\u0119dniaj\u0105c szczeg\u00f3lnie odbi\u00f3r tygodniowych rat.<\/p>\n\n\n\n<p style=\"text-align: justify;\">Drug\u0105 dziedzin\u0105 naszych us\u0142ug s\u0105 ubezpieczenia. Oferujemy szerok\u0105 ich gam\u0119: komunikacyjne, maj\u0105tkowe, na \u017cycie oraz wiele innych \u2013 zgodnie z potrzebami naszych klient\u00f3w. Wsp\u00f3\u0142pracujemy z najlepszymi towarzystwami ubezpieczeniowymi, aby uzyska\u0107 oferty najlepiej spe\u0142niaj\u0105ce Pa\u0144stwa wymagania oraz zapewniaj\u0105ce spok\u00f3j i bezpiecze\u0144stwo na co dzie\u0144.<\/p>\n\n\n\n<p>Zach\u0119camy do zapoznania si\u0119 z nasz\u0105 ofert\u0105.<\/p>\n","protected":false},"excerpt":{"rendered":"<p>Sp\u00f3\u0142ka Euro Providus S.A. jest firm\u0105 finansow\u0105, kt\u00f3ra powsta\u0142a w lutym 2006 roku otwieraj\u0105c swoje dwa pierwsze oddzia\u0142y w Cz\u0119stochowie i  Zawierciu. Nasz\u0105 pierwsz\u0105 ga\u0142\u0119zi\u0105 dzia\u0142alno\u015bci jest udzielanie drobnych po\u017cyczek&#8230;<\/p>\n","protected":false},"author":1,"featured_media":1678,"parent":0,"menu_order":0,"comment_status":"closed","ping_status":"closed","template":"template-fullwidth.php","meta":[],"_links":{"self":[{"href":"https:\/\/europrovidus.com.pl\/site\/index.php?rest_route=\/wp\/v2\/pages\/1677"}],"collection":[{"href":"https:\/\/europrovidus.com.pl\/site\/index.php?rest_route=\/wp\/v2\/pages"}],"about":[{"href":"https:\/\/europrovidus.com.pl\/site\/index.php?rest_route=\/wp\/v2\/types\/page"}],"author":[{"embeddable":true,"href":"https:\/\/europrovidus.com.pl\/site\/index.php?rest_route=\/wp\/v2\/users\/1"}],"replies":[{"embeddable":true,"href":"https:\/\/europrovidus.com.pl\/site\/index.php?rest_route=%2Fwp%2Fv2%2Fcomments&post=1677"}],"version-history":[{"count":6,"href":"https:\/\/europrovidus.com.pl\/site\/index.php?rest_route=\/wp\/v2\/pages\/1677\/revisions"}],"predecessor-version":[{"id":1696,"href":"https:\/\/europrovidus.com.pl\/site\/index.php?rest_route=\/wp\/v2\/pages\/1677\/revisions\/1696"}],"wp:featuredmedia":[{"embeddable":true,"href":"https:\/\/europrovidus.com.pl\/site\/index.php?rest_route=\/wp\/v2\/media\/1678"}],"wp:attachment":[{"href":"https:\/\/europrovidus.com.pl\/site\/index.php?rest_route=%2Fwp%2Fv2%2Fmedia&parent=1677"}],"curies":[{"name":"wp","href":"https:\/\/api.w.org\/{rel}","templated":true}]}}